{"id":182,"date":"2025-09-01T11:45:26","date_gmt":"2025-09-01T14:45:26","guid":{"rendered":"https:\/\/jjbe.fr\/site\/?page_id=182"},"modified":"2025-09-01T11:45:26","modified_gmt":"2025-09-01T14:45:26","slug":"reglement-interieur","status":"publish","type":"page","link":"https:\/\/jjbe.fr\/site\/index.php\/reglement-interieur\/","title":{"rendered":"R\u00e8glement int\u00e9rieur"},"content":{"rendered":"\n<h2 class=\"wp-block-heading\">DISCIPLINE, HYGIENE ET COMPORTEMENT<\/h2>\n\n\n\n<p>Les pratiquants se doivent d\u2019arriver \u00e0 l\u2019heure au cours et ne peuvent le quitter sans autorisation.<br>En cas de retard, attendez sur le bord que le responsable de la s\u00e9ance vous invite \u00e0 monter sur le tatami.<br>Le respect des personnes et du mat\u00e9riel sont de rigueur au sein du Club. Toute personne se faisant remarquer par une mauvaise conduite ou des propos incorrects lors des entra\u00eenements ou des d\u00e9placements pourra \u00eatre exclue temporairement voire d\u00e9finitivement en cas de r\u00e9cidive sans possibilit\u00e9 de remboursement de la cotisation.<br>Le port du T-shirt sous le kimono est obligatoire pour les filles.<br>Les cheveux longs doivent \u00eatre attach\u00e9s. Les barrettes et accessoires comportant des parties rigides ou m\u00e9talliques (lunettes) sont interdits ainsi que tous les bijoux sans exception y compris les piercings.<br>Un judogi propre de bonne facture est exig\u00e9 pour la pratique de l\u2019activit\u00e9. Les porteurs de judogis trou\u00e9s, sales ou malodorant peuvent \u00eatre refus\u00e9s par le professeur.<br>De m\u00eame, Les pratiquants doivent \u00eatre manucur\u00e9s et p\u00e9dicur\u00e9s. Les ongles doivent \u00eatre cours pour \u00e9viter de se les retourner ou de blesser les partenaires d\u2019entra\u00eenement.<br>Toujours pour des raisons d\u2019hygi\u00e8ne, il est interdit de quitter la surface de combat sans chaussures ou savate propre. A l\u2019inverse, il est imp\u00e9ratif de se d\u00e9chausser pour marcher sur le tatami.<br>Le professeur refusera ou sanctionnera tout \u00e9l\u00e8ve contrevenant \u00e0 ces r\u00e8gles d\u2019hygi\u00e8ne et de s\u00e9curit\u00e9 \u00e9l\u00e9mentaire.<\/p>\n\n\n\n<h2 class=\"wp-block-heading\">PRISE EN CHARGE DES MINEURS<\/h2>\n\n\n\n<p>Pour les \u00e9l\u00e8ves mineurs le responsable doit s\u2019assurer de la pr\u00e9sence du Professeur et lui remettre l\u2019enfant dans l\u2019enceinte du Dojo.<br>Les parents sont responsables de l\u2019enfant jusqu\u2019\u00e0 l\u2019arriv\u00e9e du Professeur sur le tatami.<br>A la fin du cours le responsable doit r\u00e9cup\u00e9rer l\u2019enfant imm\u00e9diatement aupr\u00e8s du Professeur dans l\u2019enceinte du Dojo.<br>La responsabilit\u00e9 de l\u2019Association s\u2019arr\u00eate \u00e0 la fin du cours.<br>En cas d\u2019absence exceptionnelle du Professeur 15 minutes apr\u00e8s l\u2019horaire normal du d\u00e9but du cours, l\u2019activit\u00e9 est annul\u00e9e.<br>Les parents d\u00e9gagent la responsabilit\u00e9 de l\u2019Association pour les enfants venant seuls aux activit\u00e9s. En cas de probl\u00e8me survenu lors du trajet elle ne saurait \u00eatre tenue pour responsable.<br>En cas de modification de l&rsquo;autorit\u00e9 parentale d&rsquo;un des parents, cette situation doit \u00eatre signal\u00e9e par \u00e9crit avec copie du jugement au pr\u00e9sident du club.<br>Signaler toute blessure, choc, coup ou douleur physique imm\u00e9diatement \u00e0 votre responsable de s\u00e9ance afin qu\u2019il prenne les dispositions ad\u00e9quates et qu\u2019il remplisse si besoin une fiche de d\u00e9claration d\u2019accident \u00e0 l\u2019assurance. En cas d\u2019accident il sera fait appel au Service d\u2019Urgences. A cet effet les parents autorisent les responsables du Club \u00e0 prendre toutes dispositions n\u00e9cessaires en cas d\u2019urgence m\u00e9dicale.<\/p>\n","protected":false},"excerpt":{"rendered":"<p>DISCIPLINE, HYGIENE ET COMPORTEMENT Les pratiquants se doivent d\u2019arriver \u00e0 l\u2019heure au cours et ne peuvent le quitter sans autorisation.En cas de retard, attendez sur le bord que le responsable de la s\u00e9ance vous invite \u00e0 monter sur le tatami.Le respect des personnes et du mat\u00e9riel sont de rigueur au sein du Club. Toute personne &hellip; <\/p>\n<p class=\"link-more\"><a href=\"https:\/\/jjbe.fr\/site\/index.php\/reglement-interieur\/\" class=\"more-link\">Continuer la lecture<span class=\"screen-reader-text\"> de &laquo;&nbsp;R\u00e8glement int\u00e9rieur&nbsp;&raquo;<\/span><\/a><\/p>\n","protected":false},"author":1286,"featured_media":0,"parent":0,"menu_order":0,"comment_status":"closed","ping_status":"closed","template":"","meta":{"footnotes":""},"class_list":["post-182","page","type-page","status-publish","hentry"],"jetpack_sharing_enabled":true,"_links":{"self":[{"href":"https:\/\/jjbe.fr\/site\/index.php\/wp-json\/wp\/v2\/pages\/182","targetHints":{"allow":["GET"]}}],"collection":[{"href":"https:\/\/jjbe.fr\/site\/index.php\/wp-json\/wp\/v2\/pages"}],"about":[{"href":"https:\/\/jjbe.fr\/site\/index.php\/wp-json\/wp\/v2\/types\/page"}],"author":[{"embeddable":true,"href":"https:\/\/jjbe.fr\/site\/index.php\/wp-json\/wp\/v2\/users\/1286"}],"replies":[{"embeddable":true,"href":"https:\/\/jjbe.fr\/site\/index.php\/wp-json\/wp\/v2\/comments?post=182"}],"version-history":[{"count":1,"href":"https:\/\/jjbe.fr\/site\/index.php\/wp-json\/wp\/v2\/pages\/182\/revisions"}],"predecessor-version":[{"id":183,"href":"https:\/\/jjbe.fr\/site\/index.php\/wp-json\/wp\/v2\/pages\/182\/revisions\/183"}],"wp:attachment":[{"href":"https:\/\/jjbe.fr\/site\/index.php\/wp-json\/wp\/v2\/media?parent=182"}],"curies":[{"name":"wp","href":"https:\/\/api.w.org\/{rel}","templated":true}]}}